its digit of p(17)?
0
Let l(v) = -v**3 - 3*v**2 + 12*v + 15. Suppose 6*y + 16 = -14. Let w be l(y). What is the units digit of (14/8)/(w/20) + 4?
1
Suppose 0 + 8 = -2*i, -2*i = s + 117. Let a = 67 - s. What is the units digit of a?
6
Let l(j) = 3*j**2 - 8*j - 1. Let x(h) = -8 + 2*h**2 - 2*h**2 + 0*h**2 + h**2 - 14*h. Let r be x(15). What is the tens digit of l(r)?
9
Let p(s) = -142*s**2 - 26 - 13*s + 143*s**2 + 2 - 6. Let x be p(15). Suppose w + 5 = 5*f - 815, 2*w + 10 = x. What is the tens digit of f?
6
Suppose 3*j - s - 20736 = 0, 4*j + 5*s - 9164 = 18522. What is the thousands digit of j?
6
Let l(o) = o**2 - 24*o - 115. Let x be l(-4). What is the hundreds digit of (-312)/x - (18/9 + 2)?
1
Suppose -4*z + 5*d + 28511 = 0, 37*d + 21360 = 3*z + 41*d. What is the units digit of z?
4
Suppose 3*x = g + 619, 2*g - g = 5*x - 1029. Suppose 2*l - x - 1793 = 0. What is the hundreds digit of l?
9
Let r be 65/7 + (-12)/42. Suppose -5*i - 4*l - 31 = 0, 3*i + r = -3*l - 12. What is the units digit of -3 - 1465/(-2 + i)?
0
Let h(f) = f**3 - 33*f**2 + 24*f + 56. What is the thousands digit of h(39)?
0
Suppose 310 = 8*f - 1074. Suppose f*d = 180*d - 1057. What is the hundreds digit of d?
1
Let g(a) = -17 - 4 - 12 - 5*a. Let y be g(-19). What is the units digit of (-9)/(-12)*(y - 6)?
2
What is the units digit of (144512 - 50)/(8 - 2)?
7
Let u = 408 - 229. Let f = u - 129. What is the units digit of f?
0
Let w(y) = -y**2 - y + 340. Suppose -4*k = -3*r, 5*k - 30*r + 31*r = 0. What is the hundreds digit of w(k)?
3
Let l = -241 + -191. Let o = -144 - l. Suppose o = 5*v - v. What is the units digit of v?
2
Let r = 920 - 437. Suppose -q - 483 = -3*w, 3*w - r = -8*q + 12*q. What is the units digit of w?
1
Let u(w) = 9*w**2 + w. Let s be u(1). Suppose -2*z = s*z - 180. Let m = 58 + z. What is the units digit of m?
3
Let h be (-1)/((-14)/24)*40*21. Suppose -116 = -4*b + h. Suppose b = 2*x + 35. What is the units digit of x?
7
Suppose 2*d + 26 = 42. Suppose -d*f + 360 = 3456. What is the tens digit of f/(4 - 7) + 0?
2
Suppose 3*x + 26941 = 4*r, -3*r = x - 16667 - 3529. What is the units digit of r?
3
Let x(j) = -j**2 + 26*j + 22. Let t be x(27). What is the units digit of (32/(-40))/((t - -3)/10)?
4
Suppose 5*j - 2*s + 0*s - 1101 = 0, 4*j + 4*s - 864 = 0. Let h = 344 - j. What is the hundreds digit of h?
1
Let z(g) = -44*g**3 - g**2 + 170*g + 910. What is the thousands digit of z(-5)?
5
Let k = 26999 - -10830. What is the units digit of k?
9
Suppose 145*o + 14*o + 224881 = 711898. What is the units digit of o?
3
Suppose 3*f - 5*g + 151 = -g, 2*g = 2. Let v = f + 366. What is the units digit of v?
7
What is the hundreds digit of (192/(-15))/((-15013)/(-1365) + -11)?
7
Let r = -5 + 9. Suppose r*c = 2*b - 598 - 218, -3*c - 1637 = -4*b. What is the units digit of b?
0
Let g be ((-133)/2)/((52/8)/13). Let s = g + 200. What is the tens digit of s?
6
Let a = 43 + -7. Let u = a + -23. What is the units digit of 11*u + 5 + -7?
1
Let s be ((-28)/(-5))/((-2)/15). What is the units digit of ((-66)/(-9))/(1/(0 - s))?
8
Let c(j) be the second derivative of j**4/4 + j**3/6 - 29*j**2 - 13*j - 2. What is the tens digit of c(10)?
5
Let m(o) = 35*o + 108. Let i be m(-3). Suppose 3*b = i*c + 1101, b + 9*c - 363 = 6*c. What is the units digit of b?
6
What is the ten thousands digit of (1/(-10))/((-399)/1330) - (-73024)/6?
1
Suppose 42599 = 5*s + j, -5*j = 4*s - 10*j - 34056. What is the thousands digit of s?
8
Suppose -i - 23317 = -5*b + 130165, 2*i = -4. What is the hundreds digit of b?
6
Let j(r) = -4*r - 16. Let f be j(-4). Suppose f = -6*x + 5*x. Suppose x = 3*y + 5*y - 936. What is the hundreds digit of y?
1
Let l(b) = 36*b**2 - 2*b - 406. What is the tens digit of l(17)?
6
Suppose 5*h - 4066 - 6495 = -3*r, 2*r - 4222 = -2*h. What is the units digit of h?
4
Suppose 38*d = 49439 + 337667. What is the hundreds digit of d?
1
Suppose -4 - 11 = 4*c - 5*s, 9 = -4*c + 3*s. Let b = c + 3. Suppose -b*o = -0*o - 6. What is the units digit of o?
2
Suppose -3*s + 1248 = 3*b - 819, 6*b + 5*s = 4137. What is the hundreds digit of b?
6
Let o(j) = -j**2 + 7*j - 6. Let f be o(5). Suppose 3*v = f*b - 144, -2*v - 2*b - 96 = -3*b. Let n = 253 - v. What is the hundreds digit of n?
3
Let q = -4894 - -6758. What is the tens digit of q?
6
Let c be (-7202)/(-3) + (-36)/54. Suppose -3*v + c = -111. What is the tens digit of v?
3
Let u = 512 - 508. Suppose -u*x - 2840 = -8084. What is the units digit of x?
1
Let l(v) be the first derivative of -9*v**2/2 - 8*v + 1. Let g(u) = 4*u**2 - 56*u - 8. Let s be g(14). What is the units digit of l(s)?
4
Let o(c) = 85*c + 386. What is the units digit of o(13)?
1
Suppose -510 = -5*d + t, -2*d + 102 = -d - 4*t. Let n be d/(-68)*(1 - -45). Let q = n - -193. What is the units digit of q?
4
Let w = 20685 - 13780. What is the tens digit of w?
0
Let a(f) = -23*f + 36*f + f - 3 - 7. Let t be a(2). Let l = t - 13. What is the units digit of l?
5
Let t = -774 + 274. Let l = -229 - t. Suppose 0 = -4*n + l - 31. What is the tens digit of n?
6
Suppose 0*u + 12 = 2*u - t, u = -5*t + 6. What is the units digit of 79/(5*u/30)?
9
What is the units digit of 10159/2 + 8/(-32)*6?
8
Suppose -12*a - 5950 = -13*a. Suppose -13*p = -23*p + a. What is the hundreds digit of p?
5
Let d(s) = -167*s**3 + 2*s**2 + 8*s + 5. What is the tens digit of d(-4)?
9
Suppose -194780 = -83*c + 142117. What is the thousands digit of c?
4
Let s be (36 + -1)*(-27)/(-5). Let o = s + 1404. What is the thousands digit of o?
1
Suppose 785692 = 175*k - 86*k. What is the tens digit of k?
2
Let z(i) = 30*i + 4. Let j(s) = 4*s - 17*s - 9*s - 4 - 9*s. Let v(y) = 5*j(y) + 6*z(y). What is the tens digit of v(3)?
7
Let k = -40 - -42. Suppose -2*j + 8 = 4*r - 0*r, -2*r = -k. Suppose j*x - 159 = s + 281, 4*s = -2*x + 430. What is the units digit of x?
9
Suppose 2229*r - 379580 = 2219*r. What is the ten thousands digit of r?
3
Suppose -2*a + 4*z - 7742 = -120988, -10*a - 5*z = -566330. What is the hundreds digit of a?
6
Let x(p) = 62*p - 183. Let j be x(3). Suppose -j*u + 3257 + 183 = 2*n, 8614 = 5*n + 4*u. What is the units digit of n?
6
What is the thousands digit of 491636/60 + 2/30?
8
Let v be -4 + (-13)/(-2) - 6/(-4). Suppose -5*q + 8*q - 1367 = -4*j, v*q + 2*j = 1836. What is the tens digit of q?
6
Suppose -2*x + 1002 = p, 2*p + 3056 = 5*p - 4*x. Let z = 1840 - p. What is the units digit of z?
8
Suppose -5*l = 4*p + 15 + 12, 0 = 3*p - 3*l. Let q(h) = h**2 + 4*h + 11. Let c be q(p). Suppose -c*i - 160 = -13*i. What is the tens digit of i?
3
What is the tens digit of -4*(-7 + (-27615)/20)?
5
Let p = -3 + 9. Let i = 660 - 664. What is the units digit of (p/i)/(54/(-72))?
2
Suppose 21*r - 21874 = 18*r + 4*h, -4*r + 29128 = 4*h. What is the units digit of r?
6
Suppose 4*n + 3*g = 59, 0 = -0*n - 4*n - 4*g + 56. Suppose 14*f - n*f = -4401. What is the hundreds digit of f?
4
Suppose 308*c + 13*c + 134*c = 7393750. What is the units digit of c?
0
Let v be (-2)/88*-8 - (-31)/11. Suppose 120 = 5*y + 5*l, -5*y + v*l + 79 = -81. What is the tens digit of (-8)/12 - (-52)/12*y?
2
Suppose 62*n - 64*n + 1800 = 0. Let q = 606 + n. What is the thousands digit of q?
1
Suppose -5*q - 49 = 3*p - 163, -4*p = -5*q + 128. Let l(k) = -10*k**3 + 8*k**2 + 23*k - 1. Let x be l(-4). Suppose 3*z - q = x. What is the tens digit of z?
3
Let n be -7 + ((-12)/36)/((-1)/3). Let f = n + 257. What is the hundreds digit of f?
2
Let j = -3530 - -10230. What is the tens digit of j?
0
Suppose -2*o + 2*i - 98 = -3*o, -5*o - 4*i + 520 = 0. Suppose o*j = 114*j - 1506. What is the hundreds digit of j?
2
Suppose -33*s + 170 = s. Suppose 0 = 3*f + p - 2504, s*p = -3*f + 305 + 2183. What is the hundreds digit of f?
8
Suppose -172*h + 198*h - 76466 = 0. What is the thousands digit of h?
2
Suppose -82 + 50 = -4*c - 2*x, -2*c + 20 = 3*x. Let m(g) = 14*g**2 + 4*g + 12. What is the units digit of m(c)?
6
Let s = -8891 - -15075. What is the thousands digit of s?
6
Suppose 0 = -2*p - 0*p + 54. Let s = p - 25. Suppose 32 = q - u + 5*u, s*u = -2*q + 70. What is the units digit of q?
6
Suppose -3*p = -5*n + 45 - 130, 5*p = 25. Let l be (-4)/n + 99/21. Suppose -5*v + l*i + 302 = 3*i, -5*i = -3*v + 185. What is the units digit of v?
0
Let v be (-245730)/(-105) - (-4)/(-14). Suppo